 Calculate s(-4).
2443
Let k(n) = -49*n**3 - 3588*n**2 - 788*n + 1113. Give k(-73).
18
Let t(f) = 5*f**2 + 82*f - 31. Calculate t(-19).
216
Let b(r) = -15*r**2 + 5741*r - 11483. What is b(2)?
-61
Let f(c) = 77*c - 1284. Give f(23).
487
Let b(j) = j**3 + 11*j**2 - 69933*j - 698. Calculate b(-270).
112
Let k(p) = p**2 - 14555*p - 3. Determine k(0).
-3
Let a(r) = r**3 - 81*r**2 + 118*r + 71046. What is a(49)?
-4
Let y(q) = -6*q**3 + 162*q**2 + 165*q - 24. Calculate y(28).
-108
Let a(w) = -4*w**3 + 27*w**2 + 25*w + 4. Give a(8).
-116
Let v(a) = 54*a**3 - 3242*a**2 + 120*a. What is v(60)?
0
Let t(j) = -47*j - 3181. Give t(-47).
-972
Let n(g) = g**3 + 14*g**2 - 74*g - 436. Give n(-14).
600
Let m(j) = -2*j**3 + 277*j**2 + 435*j - 762. What is m(140)?
1338
Let d(c) = 2*c**3 + 126*c**2 - 310*c - 11642. What is d(-64)?
6
Let h(n) = 13438*n**2 - 26906*n + 51. Determine h(2).
-9
Let j(t) = -23*t**3 + 771*t**2 - 396*t + 29. Calculate j(33).
29
Let t(o) = -1619*o - 22507. Determine t(-14).
159
Let l(c) = -317*c - 109. Determine l(-6).
1793
Let m(j) = 370463*j - 15188975. What is m(41)?
8
Let o(f) = -7743*f - 46465. Determine o(-6).
-7
Let j(p) = -203*p + 12179. What is j(66)?
-1219
Let x(a) = -2*a**2 - 1709*a - 350584. Calculate x(-342).
-34
Let l(b) = -2*b**2 - 1772*b - 377709. Give l(-357).
-3
Let k(b) = 174796*b + 15906435. What is k(-91)?
-1
Let y(l) = -l**2 + 248*l + 14939. Give y(298).
39
Let a(t) = t**3 + 32*t**2 + 73*t - 40. Determine a(-29).
366
Let t(f) = f**3 + 50*f**2 - 1124*f - 156. Calculate t(17).
99
Let u(m) = -m**3 + 446*m**2 + 497*m - 22342. Give u(447).
8
Let p(v) = v**3 + 2*v**2 + 7*v - 49. Determine p(0).
-49
Let b(u) = u**2 + 13419*u - 120822. Determine b(9).
30
Let h(t) = -t**2 + 1620*t - 24077. Give h(15).
-2
Let r(v) = -v**3 + 16*v**2 + 385*v + 1167. Give r(-9).
-273
Let f(g) = -g**2 - 404*g + 4676. What is f(11)?
111
Let o(m) = m**2 - 72*m + 22. Give o(-13).
1127
Let h(b) = -2*b**2 - 1645*b - 8165. Give h(-5).
10
Let k(t) = -845*t**2 + 18589*t + 69. What is k(22)?
47
Let g(i) = -80870*i + 243203. What is g(3)?
593
Let r(f) = -24*f**2 + 351*f + 830. Determine r(-6).
-2140
Let g(f) = 213*f + 11029. What is g(-49)?
592
Let o(t) = -2494*t + 67336. What is o(27)?
-2
Let a(l) = l**3 - 18*l**2 - 190*l - 488. Give a(26).
-20
Let u(b) = b**2 + 3731*b - 56194. Calculate u(15).
-4
Let h(f) = f**2 + 823*f - 7535. Give h(9).
-47
Let j(q) = q**3 - 66*q**2 - 76*q + 486. Determine j(67).
-117
Let c(a) = -1315*a + 188050. What is c(143)?
5
Let g(b) = -89662*b - 717321. Calculate g(-8).
-25
Let m(f) = -665*f - 13991. Calculate m(-20).
-691
Let y(z) = -2674*z - 243358. Give y(-91).
-24
Let d(i) = 513*i - 281124. Determine d(548).
0
Let c(b) = -309*b - 8411. Give c(-27).
-68
Let z(a) = 4*a**3 - 3711*a**2 - 19595*a + 1866. What is z(933)?
0
Let k(m) = -2*m**2 + 5399*m + 747505. What is k(-132)?
-11
Let c(u) = -82*u**2 + 4355*u + 71. Determine c(53).
548
Let s(n) = 63877*n - 894378. Determine s(14).
-100
Let n(m) = 60892*m + 19. Determine n(0).
19
Let y(b) = -b**2 + 554*b + 39932. What is y(-65)?
-303
Let z(k) = -k**3 - 274*k**2 + 606*k + 14905. Give z(-276).
1
Let f(v) = -v**3 - 77*v**2 - 163*v - 1092. Calculate f(-75).
-117
Let b(k) = -2*k**3 + 2*k**2 - 47. Determine b(0).
-47
Let w(x) = -6*x**3 + x**2 + 31. What is w(-3)?
202
Let y(u) = -2*u**3 + 16*u**2 + 127*u - 1461. Give y(10).
-591
Let j(k) = 2*k**2 - 8084*k + 104752. Determine j(13).
-2
Let p(n) = 13*n**2 + 1005*n + 4021. Calculate p(-4).
209
Let n(p) = 79*p**3 - 6*p**2 + 12*p + 30. What is n(3)?
2145
Let v(r) = -913*r**2 + 16367*r + 1116. Give v(18).
-90
Let c(t) = 8*t**2 + 19*t - 241. Determine c(12).
1139
Let z(q) = -q**2 - 6690*q - 325411. Determine z(-49).
-2
Let u(j) = j**2 - 1773*j + 746480. Give u(1085).
0
Let r(u) = 3*u**2 - 326*u - 1833. Calculate r(114).
-9
Let v(b) = 133*b**2 - 723*b - 2725. What is v(8)?
3
Let s(w) = 38*w**2 + 227*w + 186. What is s(-1)?
-3
Let x(p) = p**2 + 4381*p - 370619. Give x(83).
-107
Let t(c) = 923*c + 31825. Calculate t(-33).
1366
Let w(u) = 18*u**2 + 173*u - 113. What is w(-10)?
-43
Let a(h) = -8*h**2 - 805*h - 9126. Give a(-13).
-13
Let c(o) = -o**3 - 30*o**2 - 251*o - 10101. Calculate c(-32).
-21
Let q(h) = -845*h - 131016. Calculate q(-155).
-41
Let x(r) = -116*r**2 + 1420*r - 119. Determine x(12).
217
Let x(g) = -2*g**3 + 77*g**2 - 119*g + 153. Give x(37).
-143
Let p(k) = k**3 - 17*k**2 + 162*k - 2803. Determine p(17).
-49
Let r(s) = 77*s**3 - 1012*s**2 + 145*s - 35. Determine r(13).
-9
Let p(x) = 304*x**3 - 4*x**2 - 24*x - 22. Determine p(-1).
-306
Let b(c) = -128*c - 9877. Calculate b(-80).
363
Let n(v) = 3036*v + 1718364. What is n(-566)?
-12
Let q(o) = 87*o**3 - 697*o**2 - 21*o + 62. Determine q(8).
-170
Let h(u) = -4956*u - 153630. What is h(-31)?
6
Let y(g) = 24546*g + 122679. Calculate y(-5).
-51
Let g(r) = -11798*r + 353910. Determine g(30).
-30
Let g(n) = -11*n**3 - 867*n**2 + 155*n - 239. Give g(-79).
-2
Let y(w) = w**2 - 7976*w + 87604. Give y(11).
-11
Let f(l) = -l**3 - 5*l**2 - 9*l + 68. Give f(0).
68
Let y(f) = 98478*f + 4333021. What is y(-44)?
-11
Let n(x) = x**2 + 672*x + 87340. Give n(-176).
44
Let o(i) = -i**3 - 75*i**2 - 629*i - 51. Calculate o(-9).
264
Let b(p) = -31348*p + 1128521. Calculate b(36).
-7
Let s(z) = -69512*z - 625608. What is s(-9)?
0
Let o(v) = v**3 + 205*v**2 + 215*v + 2252. Give o(-204).
8
Let h(g) = 2*g**3 + 259*g**2 + 155*g + 3549. Calculate h(-129).
195
Let w(z) = -1118*z + 439. Determine w(-1).
1557
Let y(u) = 2*u**3 - 134*u**2 + 296*u - 2289. Give y(65).
51
Let p(z) = -16730*z - 218220. Give p(-13).
-730
Let o(g) = -790*g + 5222. Calculate o(6).
482
Let r(x) = x**2 - 80*x - 55603. Give r(-200).
397
Let p(h) = 18*h**2 + 5077*h + 350085. Calculate p(-162).
3
Let w(x) = -2*x**3 - 13*x**2 + 4172*x + 33226. Calculate w(-8).
42
Let o(v) = -2*v**2 - 828*v - 75606. What is o(-136)?
10
Let w(m) = -m**3 - 25*m**2 + 85*m - 96. Determine w(-20).
-3796
Let u(y) = -20864*y + 104314. Give u(5).
-6
Let y(l) = -13*l**3 - 2*l**2 + 106*l + 36. Calculate y(0).
36
Let q(a) = -2*a**2 + 1324*a + 47053. Determine q(-34).
-275
Let z(i) = 2043*i + 326894. What is z(-160)?
14
Let l(u) = 3*u**2 - 902*u - 146596. Give l(-117).
5
Let h(b) = -976*b**2 + 1152*b + 1. Determine h(-1).
-2127
Let u(b) = 11859*b + 841985. Give u(-71).
-4
Let g(b) = 102*b - 27120. Determine g(266).
12
Let o(j) = -4*j**2 + 1223*j - 79128. Calculate o(93).
15
Let l(w) = -w**2 - 683*w + 96280. Give l(120).
-80
Let k(d) = 5*d**3 - 2*d**2 - 417*d - 1683. Determine k(-4).
-367
Let u(h) = -h**2 + 135*h + 2560. Calculate u(-19).
-366
Let k(s) = -246*s**2 - 952*s + 108. Give k(-4).
-20
Let t(g) = -34*g**2 + 1532*g - 68. Determine t(45).
22
Let a(s) = 9*s**2 - 1669*s + 891. Give a(185).
151
Let q(u) = 224*u**2 + 39672*u + 4233. Give q(-177).
-15
Let f(v) = 42*v**3 - 1638*v**2 + 12*v + 16. What is f(39)?
484
Let g(r) = -r**3 + 29*r**2 - 27*r - 718. Give g(27).
11
Let p(o) = 37*o**2 + 15170*o + 304. Calculate p(-410).
304
Let m(s) = -3*s**2 + 325*s + 48463. Give m(-84).
-5
Let k(a) = a**2 + 612*a + 34744. What is k(-68)?
-2248
Let w(v) = -v**3 - 130*v**2 + 1413*v + 1822. Give w(-140).
2
Let s(h) = 2*h**3 - 17*h**2 - 40*h + 276. Calculate s(10).
176
Let j(k) = -4142*k**2 - 45553*k + 54. Determine j(-11).
-45
Let m(j) = j**2 + 24434*j + 17143063. What is m(-723)?
10
Let t(d) = -1982*d + 346848. Give t(175).
-2
Let c(z) = 36632*z - 476375. Determine c(13).
-159
Let z(g) = 3*g**2 - 3145*g - 6315. Determine z(-2).
-13
Let b(v) = -147*v + 8467. What is b(59)?
-206
Let y(b) = -9594*b - 9600. Calculate y(-1).
-6
Let t(c) = -388*c + 59. Give t(1).
-329
Let g(v) = -144*v**3 + 5*v**2 - 106*v + 103. Calculate g(1).
-142
Let i(d) = -d**3 - 63*d**2 - 305*d - 902. Calculate i(-58).
-32
Let p(v) = -v**2 - 233*v - 9375. What is p(-54)?
291
Let u(o) = -162*o**2 + 193*o - 23. Determine u(1).
8
Let r(q) = 413*q + 2422. Determine r(-7).
-469
Let j(z) = 2*z**2 - 527*z + 27770. Determine j(72).
194
Let r(l) = l**3 + 63*l**2 + 139*l - 519. What is r(-60)?
1941
Let y(r) = 45*r - 332. What is y(9)?
73
Let z(s) = 34*s**3 - 1078*s**2 + 1743*s - 95. Give z(30).
-5
Let p(r) = -r**3 + 306*r**2 - 3557*r + 354. Determine p(12).
6
Let w(t) = -t**2 + 7898*t - 2191660. What is w(288)?
20
Let j(n) = -144*n